0?
6
What is the ten millions digit of 17739274?
1
What is the hundreds digit of 42943678?
6
What is the hundreds digit of 322529763?
7
What is the thousands digit of 60153193?
3
What is the hundreds digit of 462291695?
6
What is the ten millions digit of 360463591?
6
What is the units digit of 1475722872?
2
What is the hundreds digit of 332322518?
5
What is the ten millions digit of 207334852?
0
What is the ten millions digit of 1591603910?
9
What is the hundred thousands digit of 98586706?
5
What is the ten thousands digit of 160492807?
9
What is the hundred millions digit of 534519115?
5
What is the millions digit of 14927915?
4
What is the tens digit of 567356978?
7
What is the hundred millions digit of 758088499?
7
What is the ten thousands digit of 44587007?
8
What is the hundred thousands digit of 74275802?
2
What is the units digit of 34973989?
9
What is the millions digit of 81442290?
1
What is the hundred millions digit of 273161416?
2
What is the millions digit of 131338194?
1
What is the units digit of 98420873?
3
What is the millions digit of 81882327?
1
What is the ten thousands digit of 238612840?
1
What is the units digit of 100220723?
3
What is the tens digit of 45325703?
0
What is the hundred thousands digit of 4223689?
2
What is the tens digit of 442081149?
4
What is the tens digit of 72400076?
7
What is the millions digit of 50162253?
0
What is the hundred millions digit of 160151415?
1
What is the hundreds digit of 4001410?
4
What is the millions digit of 743206354?
3
What is the ten thousands digit of 175053144?
5
What is the millions digit of 1900897539?
0
What is the millions digit of 132802045?
2
What is the ten thousands digit of 957949369?
4
What is the millions digit of 447222178?
7
What is the tens digit of 68408082?
8
What is the tens digit of 1546334345?
4
What is the ten thousands digit of 108878547?
7
What is the hundreds digit of 19457361?
3
What is the millions digit of 167797218?
7
What is the hundred thousands digit of 6844800588?
8
What is the units digit of 225719114?
4
What is the thousands digit of 127206527?
6
What is the millions digit of 4090056738?
0
What is the hundreds digit of 40318478?
4
What is the units digit of 922867713?
3
What is the ten thousands digit of 3318201?
1
What is the ten thousands digit of 56219188?
1
What is the ten millions digit of 51291057?
5
What is the hundred millions digit of 3856311711?
8
What is the tens digit of 1410696193?
9
What is the ten thousands digit of 3790707696?
0
What is the ten thousands digit of 651782020?
8
What is the thousands digit of 373308213?
8
What is the hundred thousands digit of 223430881?
4
What is the millions digit of 178388775?
8
What is the hundred thousands digit of 138019111?
0
What is the hundred thousands digit of 9299640?
2
What is the hundred thousands digit of 2102494814?
4
What is the ten millions digit of 1495646143?
9
What is the thousands digit of 861960637?
0
What is the tens digit of 53322805?
0
What is the hundreds digit of 2920994698?
6
What is the hundreds digit of 35366601?
6
What is the ten thousands digit of 57199794?
9
What is the tens digit of 806694443?
4
What is the tens digit of 1744345158?
5
What is the tens digit of 276493019?
1
What is the ten thousands digit of 3475290118?
9
What is the hundred thousands digit of 1157004912?
0
What is the tens digit of 848928071?
7
What is the units digit of 186862963?
3
What is the ten millions digit of 128540530?
2
What is the ten millions digit of 119443045?
1
What is the hundred thousands digit of 107450714?
4
What is the units digit of 40209707?
7
What is the ten thousands digit of 167168250?
6
What is the hundreds digit of 133316878?
8
What is the millions digit of 469707816?
9
What is the hundreds digit of 378905890?
8
What is the hundred millions digit of 608836043?
6
What is the millions digit of 821707819?
1
What is the hundred millions digit of 2848956447?
8
What is the hundred millions digit of 2648322062?
6
What is the hundreds digit of 1401912290?
2
What is the millions digit of 891652479?
1
What is the thousands digit of 387689751?
9
What is the ten millions digit of 41960936?
4
What is the thousands digit of 92463151?
3
What is the units digit of 6279788697?
7
What is the ten millions digit of 371086781?
7
What is the tens digit of 51444592?
9
What is the tens digit of 897115356?
5
What is the units digit of 136833780?
0
What is the units digit of 11165223?
3
What is the ten thousands digit of 162647511?
4
What is the hundred millions digit of 4219698225?
2
What is the hundred thousands digit of 98747242?
7
What is the hundreds digit of 188967061?
0
What is the tens digit of 171642174?
7
What is the billions digit of 2545247371?
2
What is the millions digit of 1368826?
1
What is the ten millions digit of 1092073088?
9
What is the hundreds digit of 1798215047?
0
What is the ten thousands digit of 978042358?
4
What is the tens digit of 119116516?
1
What is the hundred millions digit of 1269846189?
2
What is the hundreds digit of 160253372?
3
What is the units digit of 73681766?
6
What is the hundred millions digit of 393675832?
3
What is the hundred thousands digit of 1884346441?
3
What is the millions digit of 230988068?
0
What is the units digit of 724042938?
8
What is the hundred millions digit of 565021624?
5
What is the hundred thousands digit of 645681559?
6
What is the hundred thousands digit of 81690840?
6
What is the thousands digit of 763209528?
9
What is the tens digit of 3517496576?
7
What is the units digit of 1690060406?
6
What is the ten millions digit of 270992178?
7
What is the ten thousands digit of 109464310?
6
What is the tens digit of 17513784?
8
What is the millions digit of 348834272?
8
What is the units digit of 24828929?
9
What is the ten thousands digit of 122735852?
3
What is the millions digit of 592773994?
2
What is the hundreds digit of 52138560?
5
What is the millions digit of 3339827572?
9
What is the hundred millions digit of 3518873946?
5
What is the thousands digit of 493120889?
0
What is the hundreds digit of 123315305?
3
What is the millions digit of 27549420?
7
What is the ten thousands digit of 1972792210?
9
What is the hundred thousands digit of 449228504?
2
What is the units digit of 334857541?
1
What is the tens digit of 3017413455?
5
What is the hundred thousands digit of 6450582?
4
What is the millions digit of 11994133?
1
What is the tens digit of 928006406?
0
What is the ten millions digit of 150668911?
5
What is the ten thousands digit of 31972875?
7
What is the billions digit of 4266364769?
4
What is the units digit of 565951450?
0
What is the ten thousands digit of 6224453?
2
What is the hundred thousands digit of 95769135?
7
What is the ten millions digit of 1634012188?
3
What is the tens digit of 4001813419?
1
What is the units digit of 279892799?
9
What is the hundred thousands digit of 4560029?
5
What is the hundred thousands digit of 30117556?
1
What is the units digit of 490110999?
9
What is the hundred millions digit of 114488904?
1
What is the hundred millions digit of 6769135257?
7
What is the hundreds digit of 9492521?
5
What is the hundred millions digit of 6975599854?
9
What is the tens digit of 21060954?
5
What is the thousands digit of 1010988923?
8
What is the units digit of 286828570?
0
What is the ten thousands digit of 108397668?
9
What is the hundreds digit of 5695680458?
4
What is the millions digit of 497905339?
7
What is the hundred thousands digit of 400536407?
5
What is the hundreds digit of 6867661?
6
What is the ten thousands digit of 1597708496?
0
What is the tens digit of 53482339?
3
What is the ten millions digit of 1583441810?
8
What is the thousands digit of 55107069?
7
What is the ten thousands digit of 47974325?
7
What is the units digit of 77390986?
6
What is the hundred millions digit of 9348315965?
3
What is the tens digit of 40879165?
6
What is the millions digit of 2743799289?
3
What is the thousands digit of 123036835?
6
What is the ten thousands digit of 750910218?
1
What is the hundreds digit of 4681758466?
4
What is the units digit of 31358605?
5
What is the tens digit of 7776930?
3
What is the units digit of 2210701205?
5
What is the thousands digit of 78827342?
7
What 